175
What is -6420 (base 7) in base 11?
-1782
31427 (base 9) to base 14
77cd
Convert -100010110 (base 3) to base 13.
-304b
What is 113 (base 4) in base 2?
10111
Convert -10420 (base 5) to base 3.
-1000020
-16118 (base 9) to base 13
-5039
Convert -207 (base 12) to base 9.
-357
-123 (base 12) to base 13
-102
-4ba5 (base 13) to base 11
-8112
-6715 (base 8) to base 7
-13205
Convert -1000111001000101 (base 2) to base 14.
-d3b7
What is 1126 (base 7) in base 6?
1524
Convert -252 (base 12) to base 2.
-101011110
What is -745 (base 13) in base 12?
-874
What is -1433 (base 8) in base 2?
-1100011011
-31011 (base 5) to base 4
-133112
Convert -89 (base 10) to base 15.
-5e
-dd9 (base 14) to base 8
-5263
Convert 92a9 (base 13) to base 6.
233430
-31210 (base 7) to base 9
-11441
What is -1175 (base 8) in base 6?
-2541
What is -663 (base 9) in base 2?
-1000011111
What is -110110101000001 (base 2) in base 8?
-66501
What is -2392 (base 12) in base 13?
-1a87
What is 53429 (base 10) in base 14?
15685
-1000011101 (base 2) to base 4
-20131
What is -bae (base 16) in base 12?
-1892
Convert -9217 (base 13) to base 5.
-1121011
Convert -1001122 (base 3) to base 9.
-1048
What is 101 (base 14) in base 4?
3011
Convert 13223 (base 4) to base 5.
3431
3012333 (base 4) to base 14
48d9
Convert -20220 (base 3) to base 4.
-2322
Convert -34cd (base 16) to base 2.
-11010011001101
Convert 7259 (base 11) to base 13.
44c3
What is 13201 (base 4) in base 8?
741
12534 (base 6) to base 10
1930
What is -10001100101 (base 2) in base 9?
-1480
What is -74853 (base 9) in base 10?
-49539
What is -10020201 (base 3) in base 16?
-940
Convert 13130 (base 6) to base 16.
7ce
17a4 (base 11) to base 8
4364
Convert -27a5 (base 11) to base 8.
-7050
Convert -197 (base 11) to base 10.
-227
What is 10001001 (base 2) in base 5?
1022
Convert -1ac (base 16) to base 10.
-428
Convert -345 (base 11) to base 4.
-12130
Convert -10010 (base 3) to base 4.
-1110
1c1 (base 16) to base 15
1ee
1000110100000100 (base 2) to base 6
435044
Convert 9140 (base 12) to base 4.
3312000
Convert -1763 (base 9) to base 10.
-1353
Convert 1731 (base 12) to base 11.
20a1
Convert 2211210 (base 4) to base 11.
7a63
What is 15622 (base 7) in base 12?
268a
Convert 2703 (base 10) to base 6.
20303
Convert -110011 (base 2) to base 9.
-56
What is 415 (base 10) in base 4?
12133
Convert -1b01 (base 14) to base 13.
-2300
What is -30366 (base 7) in base 11?
-5616
Convert -3113 (base 4) to base 2.
-11010111
310502 (base 6) to base 3
1021000202
What is -3b7 (base 14) in base 8?
-1355
921 (base 10) to base 4
32121
Convert 2451 (base 10) to base 13.
1167
Convert 10110000100 (base 2) to base 7.
4055
Convert -13120031 (base 4) to base 13.
-109a9
-423 (base 13) to base 6
-3133
24554 (base 7) to base 4
1210322
-10230111 (base 4) to base 8
-45425
What is -624 (base 9) in base 11?
-422
-c36 (base 16) to base 7
-12054
What is 36b8 (base 13) in base 5?
222011
Convert -1a74 (base 11) to base 3.
-10121010
What is -501 (base 8) in base 15?
-166
11102221111 (base 3) to base 7
512632
13322 (base 4) to base 3
200202
Convert -1265 (base 7) to base 3.
-200002
What is 12c2 (base 14) in base 8?
6352
14155 (base 7) to base 9
5261
What is -a62 (base 14) in base 10?
-2046
Convert 11110111 (base 2) to base 14.
139
-385 (base 14) to base 12
-4a9
Convert 290 (base 12) to base 14.
204
Convert -12012203 (base 4) to base 8.
-60643
-7b0b (base 14) to base 8
-51577
Convert 2174 (base 8) to base 4.
101330
Convert -154 (base 16) to base 6.
-1324
What is 241010 (base 5) in base 6?
105040
-26b1 (base 13) to base 10
-5552
What is -20313 (base 5) in base 11?
-1002
What is 1110002 (base 3) in base 13?
632
Convert 1091 (base 15) to base 2.
110110110111
What is -240210 (base 5) in base 2?
-10001001100101
Convert 338 (base 12) to base 14.
260
Convert 2401 (base 5) to base 6.
1343
What is 5838 (base 12) in base 16?
266c
Convert -2321013 (base 4) to base 7.
-46353
1234 (base 9) to base 2
1110011010
What is -1130413 (base 5) in base 3?
-1001102220
Convert 6267 (base 9) to base 7.
16255
-9a3 (base 12) to base 15
-649
What is -45 (base 11) in base 4?
-301
What is -222033 (base 5) in base 9?
-11581
Convert -340 (base 6) to base 3.
-11220
-12021 (base 10) to base 11
-9039
What is -13025 (base 9) in base 15?
-28eb
What is 13136 (base 10) in base 3?
200000112
Convert 201002 (base 3) to base 7.
1334
What is -713 (base 10) in base 14?
-38d
Convert 20a (base 15) to base 10.
460
What is 372 (base 9) in base 2?
100110100
627 (base 14) to base 9
1585
What is -12663 (base 8) in base 12?
-326b
Convert -10056 (base 7) to base 6.
-15150
What is -1a26 (base 13) in base 3?
-12101011
What is 537 (base 9) in base 15?
1e4
cd6 (base 14) to base 4
213230
Convert -b0a0 (base 13) to base 15.
-72ec
-100112121 (base 3) to base 16
-1b2b
What is 134141 (base 5) in base 3?
21121102
Convert -72f0 (base 16) to base 14.
-aa1a
Convert -23550 (base 7) to base 15.
-1c26
4327 (base 10) to base 8
10347
What is 4078 (base 13) in base 10?
8887
What is 104 (base 9) in base 14?
61
What is 1111201002 (base 3) in base 2?
111001111101011
534 (base 13) to base 5
12023
-1210105 (base 6) to base 5
-4013140
Convert -111221 (base 6) to base 5.
-244443
Convert 117b (base 12) to base 13.
b84
222222 (base 4) to base 11
2062
What is b95 (base 12) in base 10?
1697
-5123 (base 9) to base 4
-322203
Convert 2459 (base 15) to base 12.
4586
Convert 247 (base 16) to base 7.
1462
Convert 3ba (base 16) to base 10.
954
What is -18869 (base 10) in base 6?
-223205
Convert -6b0 (base 15) to base 13.
-8c7
27658 (base 9) to base 4
10211030
What is -22021333 (base 4) in base 10?
-41599
What is -1002 (base 3) in base 6?
-45
What is -21221 (base 5) in base 6?
-10352
-3608 (base 11) to base 3
-20111002
What is -136 (base 9) in base 12?
-96
Convert 418 (base 9) to base 12.
245
Convert 2320 (base 4) to base 8.
270
Convert 1001110022 (base 3) to base 14.
77ba
What is -85 (base 9) in base 10?
-77
5a23 (base 12) to base 7
41316
1154 (base 6) to base 7
556
Convert 142141 (base 6) to base 5.
412303
33ae (base 15) to base 6
122432
Convert 34b (base 14) to base 8.
1217
-21415 (base 8) to base 14
-33ad
221202100 (base 3) to base 11
13118
Convert -178 (base 13) to base 8.
-414
What is -1111100010101 (base 2) in base 13?
-3811
Convert -18158 (base 9) to base 4.
-3003233
-21202 (base 5) to base 16
-593
1120 (base 8) to base 5
4332
Convert -862 (base 13) to base 12.
-9b4
What is -1d5 (base 16) in base 6?
-2101
Convert 10101111100100 (base 2) to base 13.
5164
2e09 (base 15) to base 5
304114
Convert -1225 (base 7) to base 6.
-2044
1c6 (base 15) to base 5
3121
What is 210211002 (base 3) in base 9?
23732
What is 343 (base 9) in base 8?
432
Convert -1220012 (base 3) to base 6.
-10222
Convert -30343 (base 5) to base 10.
-1973
b74 (base 12) to base 2
11010001000
-22020101 (base 3) to base 13
-296b
What is 1100010000001 (base 2) in base 3?
22121100
Convert -3a50 (base 14) to base 11.
-778a
-223020 (base 4) to base 10
-2760
-3056 (base 13) to base 11
-5007
Convert 1133 (base 14) to base 12.
1889
Convert -5c8 (base 15) to base 4.
-110201
234425 (base 7) to base 3
2011011112
202001120 (base 3) to base 12
8566
-d (base 16) to base 2
-1101
What is -26031 (base 8) in base 2?
-10110000011001
-215212 (base 6) to base 9
-26628
What is -6a5a (base 11) in base 12?
-5439
Convert 100000111100 (base 2) to base 8.
4074
-44130 (base 5) to base 2
-101111100000
Convert -2740a (base 12) to base 4.
-31032022
What is -3400 (base 5) in base 11?
-3a2
211022 (base 4) to base 5
34003
What is -718 (base 10) in base 7?
-2044
45301 (base 6) to base 8
14345
What is 1433 (base 12) in base 5?
33333
Convert 10100000111110 (base 2) to base 11.
7816
Convert 170 (base 16) to base 12.
268
Convert -11012 (base 3) to base 11.
-a3
What is dca4 (base 15) in base 6?
1000201
1101010011000 (base 2) to base 7
25564
What is -1011110001100101 (base 2) in base 4?
-23301211
Convert 345d (base 14) to base 11.
6922
-705 (base 11) to base 15
-3bc
Convert -a0 (base 14) to base 16.
-8c
What is 150550 (base 7) in base 11?
1a948
What is -31c (base 16) in base 12?
-564
-314 (base 8) to base 6
-540
What is 32 (base 8) in base 4?
122
Convert 133111 (base 4) to base 8.
3725
Convert 200110 (base 5) to base 10.
6280
-1434 (base 5) to base 7
-466